72
Calculate the greatest common factor of 2930650 and 50.
50
What is the highest common factor of 1773 and 60452208?
1773
Calculate the greatest common divisor of 650 and 1222832.
26
What is the highest common factor of 63500 and 4710?
10
What is the highest common divisor of 33894 and 1424556?
126
Calculate the greatest common divisor of 2544976 and 2387.
217
What is the greatest common divisor of 32 and 804768784?
16
Calculate the greatest common divisor of 931472 and 3664.
16
Calculate the greatest common factor of 613492 and 100156.
292
Calculate the greatest common divisor of 1725 and 5807155.
115
Calculate the greatest common factor of 593142 and 31863.
2451
Calculate the greatest common divisor of 572449791 and 7167.
7167
Calculate the highest common divisor of 828 and 20792.
92
Calculate the greatest common divisor of 75766416 and 11730.
2346
Calculate the greatest common factor of 333 and 2178264.
111
What is the highest common divisor of 985936 and 448?
112
What is the greatest common divisor of 96180 and 1300?
20
What is the greatest common factor of 187173 and 822967?
2971
Calculate the greatest common divisor of 17273960 and 1720.
1720
Calculate the greatest common divisor of 106 and 77182151.
53
Calculate the highest common factor of 66292605 and 306.
153
Calculate the highest common divisor of 6507 and 190089.
9
Calculate the greatest common factor of 2037148 and 20.
4
Calculate the highest common factor of 15765344 and 32.
32
Calculate the highest common divisor of 3615889758 and 7566.
7566
Calculate the greatest common factor of 284 and 33957454.
142
Calculate the highest common divisor of 92287509 and 1887.
1887
Calculate the highest common divisor of 13897555 and 910.
35
Calculate the greatest common factor of 33 and 12080299.
11
Calculate the highest common factor of 94014130 and 21.
7
Calculate the greatest common factor of 468 and 31298364.
36
Calculate the highest common divisor of 54 and 108469458.
18
What is the highest common factor of 114708 and 75988?
484
Calculate the highest common factor of 1557078 and 8896.
278
Calculate the highest common factor of 5500776 and 68.
4
What is the highest common divisor of 41379 and 8346?
39
What is the greatest common divisor of 89748 and 223128?
108
What is the greatest common factor of 198183 and 1953?
93
Calculate the highest common factor of 707087 and 275369.
541
What is the greatest common factor of 1062 and 2047086?
18
What is the highest common factor of 128 and 57964?
4
What is the greatest common factor of 193270 and 29810?
110
What is the highest common factor of 441597 and 130047?
201
Calculate the greatest common factor of 318950 and 900.
50
Calculate the highest common factor of 7296 and 62871.
57
Calculate the greatest common factor of 12108 and 437516526.
6054
What is the highest common factor of 2318 and 368318?
122
Calculate the greatest common divisor of 347 and 2072153875.
347
Calculate the greatest common divisor of 36464 and 64384.
16
What is the highest common divisor of 1 and 5959073?
1
What is the highest common factor of 18624 and 336978?
582
What is the highest common factor of 1279467 and 2484?
207
Calculate the highest common factor of 84222 and 18621.
9
What is the highest common factor of 160742967 and 1302?
651
What is the highest common factor of 40 and 131302568?
8
What is the highest common factor of 15 and 1119608085?
15
What is the highest common factor of 16652 and 1047628?
724
What is the highest common factor of 15726582 and 2?
2
Calculate the greatest common divisor of 1982 and 8384851.
991
What is the highest common factor of 376067405 and 98?
49
What is the highest common factor of 72756 and 7735872?
516
Calculate the highest common factor of 32 and 32551696.
16
What is the greatest common factor of 270 and 1069480?
10
Calculate the greatest common factor of 36542 and 4356.
242
Calculate the highest common factor of 68781126 and 248.
62
What is the greatest common factor of 1114922978 and 26?
26
What is the greatest common divisor of 10927536 and 61746?
1506
Calculate the greatest common factor of 2300 and 23132825.
575
Calculate the greatest common factor of 171961 and 54127.
479
What is the greatest common factor of 3754044 and 205884?
252
What is the greatest common divisor of 75479008 and 3036?
1012
What is the highest common factor of 429831 and 854388?
2637
Calculate the greatest common divisor of 637 and 3021949.
7
Calculate the greatest common factor of 5699195 and 37975.
155
What is the greatest common factor of 60833610 and 60?
30
What is the highest common factor of 1342816 and 24599?
1447
Calculate the greatest common factor of 3049313 and 3854.
47
What is the highest common factor of 228636 and 145?
29
What is the greatest common factor of 641987 and 17?
1
What is the greatest common divisor of 7512 and 623634972?
3756
What is the highest common divisor of 64026158 and 322?
322
What is the highest common factor of 41499 and 1046871?
783
What is the greatest common factor of 1064336 and 1190?
238
What is the greatest common divisor of 188216120 and 80?
40
Calculate the highest common factor of 14667316 and 380.
76
Calculate the highest common divisor of 8628857 and 3.
1
What is the greatest common divisor of 191299402 and 959?
959
Calculate the highest common factor of 378942 and 246.
6
What is the highest common factor of 1104736 and 2045942?
3634
Calculate the highest common factor of 50381472 and 3264.
1632
What is the greatest common divisor of 3873 and 2092711?
1291
Calculate the greatest common divisor of 16275 and 8854125.
525
Calculate the highest common factor of 10667863 and 549.
61
What is the greatest common divisor of 330 and 1501586790?
330
What is the highest common divisor of 9551960 and 213180?
3740
Calculate the highest common divisor of 8610752 and 207168.
5312
What is the greatest common divisor of 61410 and 1243610?
230
Calculate the greatest common divisor of 362086 and 2870684.
394
What is the greatest common factor of 11424036 and 1053?
39
Calculate the highest common divisor of 40305 and 5595.
15
Calculate the highest common factor of 7035180 and 226440.
2220
What is the greatest common factor of 5791736 and 32?
8
Calculate the highest common divisor of 14 and 11784619.
7
Calculate the greatest common factor of 752416 and 3941.
7
Calculate the highest common divisor of 9452 and 9124238.
278
What is the highest common factor of 4852172 and 2093?
299
What is the greatest common divisor of 56085624 and 3598?
3598
Calculate the highest common divisor of 397994 and 64.
2
What is the greatest common divisor of 5112377 and 965?
193
Calculate the greatest common divisor of 1197 and 5413613.
19
Calculate the highest common divisor of 17714930 and 135.
5
What is the highest common divisor of 252 and 1909586?
14
What is the greatest common factor of 1939725 and 4440?
555
Calculate the greatest common divisor of 107103331 and 1415.
283
Calculate the highest common divisor of 43421244 and 8430.
1686
Calculate the greatest common divisor of 836 and 1413280.
44
Calculate the highest common factor of 5341 and 2509289.
109
Calculate the highest common divisor of 898998 and 202191.
1671
What is the greatest common factor of 4181022 and 1962?
1962
What is the greatest common divisor of 94186304 and 64?
64
Calculate the highest common divisor of 888602 and 2061631.
1859
What is the highest common factor of 944 and 958448?
16
What is the highest common divisor of 253012 and 3268?
172
What is the highest common factor of 3606594 and 440706?
8994
Calculate the highest common divisor of 454 and 29103443.
227
What is the greatest common factor of 4416440 and 30520?
280
What is the highest common factor of 2180 and 27484?
4
What is the highest common factor of 672 and 1408820?
28
Calculate the highest common factor of 1815 and 5667640.
605
Calculate the highest common factor of 13785925 and 475.
475
Calculate the greatest common factor of 159 and 118213532.
53
What is the greatest common divisor of 16149 and 2662737?
21
Calculate the greatest common divisor of 26094938 and 24718.
1454
Calculate the highest common factor of 15715735 and 644.
7
What is the greatest common divisor of 114 and 204541536?
114
Calculate the hig